 factors of 1821872.
2, 13, 19, 461
List the prime factors of 972769.
7, 138967
List the prime factors of 76374.
2, 3, 4243
What are the prime factors of 28375271?
3739, 7589
What are the prime factors of 224256?
2, 3, 73
List the prime factors of 2613179.
61, 42839
List the prime factors of 1090161.
3, 89, 1361
What are the prime factors of 707393?
43, 16451
List the prime factors of 9629421.
3, 29, 151, 733
What are the prime factors of 20110561?
20110561
What are the prime factors of 1768161?
3, 589387
List the prime factors of 1253050.
2, 5, 19, 1319
What are the prime factors of 262845?
3, 5, 11, 59
List the prime factors of 3949144.
2, 493643
What are the prime factors of 2931084?
2, 3, 13, 6263
List the prime factors of 688356.
2, 3, 19121
List the prime factors of 979485.
3, 5, 13, 5023
List the prime factors of 11361503.
43, 264221
List the prime factors of 3370842.
2, 3, 62423
What are the prime factors of 909458?
2, 11, 67, 617
What are the prime factors of 107615?
5, 21523
What are the prime factors of 552345?
3, 5, 23, 1601
List the prime factors of 751375.
5, 6011
List the prime factors of 184728.
2, 3, 43, 179
List the prime factors of 6211867.
6211867
List the prime factors of 255313.
255313
List the prime factors of 3980014.
2, 1990007
List the prime factors of 301449.
3, 100483
What are the prime factors of 4186369?
11, 17, 61, 367
List the prime factors of 1844220.
2, 3, 5, 7, 4391
List the prime factors of 7373082.
2, 3, 67, 18341
List the prime factors of 1566633.
3, 522211
What are the prime factors of 887218?
2, 443609
What are the prime factors of 14046453?
3, 19, 9127
List the prime factors of 163212.
2, 3, 7, 29, 67
What are the prime factors of 273809?
19, 14411
List the prime factors of 17070439.
23, 742193
List the prime factors of 86422.
2, 7, 6173
What are the prime factors of 12651882?
2, 3, 2108647
What are the prime factors of 466771?
53, 8807
List the prime factors of 69000.
2, 3, 5, 23
What are the prime factors of 1349024?
2, 42157
List the prime factors of 16466269.
1987, 8287
What are the prime factors of 770152?
2, 96269
What are the prime factors of 10480578?
2, 3, 1746763
What are the prime factors of 22945086?
2, 3, 424909
What are the prime factors of 194254?
2, 97127
What are the prime factors of 533623?
23, 23201
List the prime factors of 331325.
5, 29, 457
List the prime factors of 17938.
2, 8969
List the prime factors of 17218394.
2, 37, 232681
What are the prime factors of 627322?
2, 313661
What are the prime factors of 2985496?
2, 373187
What are the prime factors of 5810107?
17, 341771
List the prime factors of 2548300.
2, 5, 17, 1499
What are the prime factors of 2925762?
2, 3, 7, 69661
What are the prime factors of 5390?
2, 5, 7, 11
What are the prime factors of 896933?
19, 47207
List the prime factors of 5233677.
3, 1744559
What are the prime factors of 1283311?
389, 3299
List the prime factors of 1030126.
2, 227, 2269
What are the prime factors of 662089?
47, 14087
List the prime factors of 5806699.
29, 200231
What are the prime factors of 1686166?
2, 41, 20563
List the prime factors of 15728786.
2, 67, 107, 1097
List the prime factors of 32742522.
2, 3, 43, 59, 239
List the prime factors of 10262307.
3, 11, 101, 3079
List the prime factors of 341236.
2, 7, 1741
List the prime factors of 1319332.
2, 7, 47119
List the prime factors of 497559.
3, 23, 7211
What are the prime factors of 9278098?
2, 4639049
List the prime factors of 209276.
2, 113, 463
What are the prime factors of 4488023?
4488023
What are the prime factors of 1091138?
2, 31, 17599
What are the prime factors of 3346051?
41, 81611
List the prime factors of 1207466.
2, 13, 46441
List the prime factors of 4249847.
7, 17, 71, 503
What are the prime factors of 65625?
3, 5, 7
What are the prime factors of 8989316?
2, 7, 321047
What are the prime factors of 1524292?
2, 7, 11, 101
List the prime factors of 73596.
2, 3, 6133
What are the prime factors of 333321?
3, 137, 811
What are the prime factors of 11806214?
2, 7, 843301
What are the prime factors of 2011717?
1117, 1801
List the prime factors of 7736135.
5, 11, 19, 673
List the prime factors of 7408584.
2, 3, 37, 103
List the prime factors of 101214.
2, 3, 5623
What are the prime factors of 269048?
2, 13, 199
What are the prime factors of 36113955?
3, 5, 2407597
List the prime factors of 452110.
2, 5, 29, 1559
What are the prime factors of 24078095?
5, 4815619
What are the prime factors of 876664?
2, 109583
What are the prime factors of 3902649?
3, 37, 35159
List the prime factors of 20157916.
2, 1999, 2521
List the prime factors of 450509.
19, 131, 181
List the prime factors of 539518.
2, 7, 89, 433
List the prime factors of 2754348.
2, 3, 229529
What are the prime factors of 19428354?
2, 3, 11, 98123
List the prime factors of 1021501.
13, 78577
List the prime factors of 144206.
2, 72103
List the prime factors of 220724.
2, 7, 7883
What are the prime factors of 1174599?
3, 19, 6869
What are the prime factors of 53008?
2, 3313
List the prime factors of 4729684.
2, 1182421
What are the prime factors of 1568574?
2, 3, 7, 59, 211
List the prime factors of 2967616.
2, 89, 521
List the prime factors of 60661.
60661
What are the prime factors of 418756?
2, 13, 8053
List the prime factors of 6848454.
2, 3, 151, 7559
What are the prime factors of 15714686?
2, 13, 604411
List the prime factors of 1382899.
7, 17, 11621
List the prime factors of 2522067.
3, 31, 47, 577
List the prime factors of 12617186.
2, 31, 109, 1867
What are the prime factors of 3404997?
3, 127, 331
What are the prime factors of 1272379?
1272379
List the prime factors of 2799193.
41, 67, 1019
What are the prime factors of 609554?
2, 11, 103, 269
What are the prime factors of 1040631?
3, 346877
List the prime factors of 25622995.
5, 17, 301447
List the prime factors of 134648.
2, 16831
List the prime factors of 444982.
2, 271, 821
List the prime factors of 303035.
5, 60607
List the prime factors of 702808.
2, 59, 1489
List the prime factors of 886415.
5, 177283
What are the prime factors of 1476309?
3, 492103
List the prime factors of 2282424.
2, 3, 95101
What are the prime factors of 2464424?
2, 107, 2879
What are the prime factors of 293052?
2, 3, 24421
What are the prime factors of 233748?
2, 3, 43, 151
What are the prime factors of 1375546?
2, 687773
What are the prime factors of 6461622?
2, 3, 358979
List the prime factors of 1077472.
2, 11, 3061
List the prime factors of 888778.
2, 11, 71, 569
List the prime factors of 24370144.
2, 761567
What are the prime factors of 1946665?
5, 7, 55619
List the prime factors of 16456676.
2, 701, 5869
List the prime factors of 802466.
2, 7, 31, 43
What are the prime factors of 183902?
2, 91951
What are the prime factors of 13515?
3, 5, 17, 53
List the prime factors of 73904.
2, 31, 149
What are the prime factors of 335435?
5, 73, 919
What are the prime factors of 303841?
17, 61, 293
What are the prime factors of 315265?
5, 17, 3709
List the prime factors of 8989252.
2, 79, 28447
List the prime factors of 4679011.
4679011
List the prime factors of 1857479.
13, 29, 379
What are the prime factors of 424353?
3, 37, 3823
List the prime factors of 142283.
263, 541
What are the prime factors of 453949?
453949
List the prime factors of 686611.
686611
What are the prime factors of 3919810?
2, 5, 101, 3881
List the prime factors of 4726797.
3, 29, 54331
What are the prime factors of 19782337?
797, 24821
List the prime factors of 317313.
3, 35257
What are the prime factors of 890803?
890803
What are the prime factors of 389485?
5, 61, 1277
What are the prime factors of 17549192?
2, 2193649
List the prime factors of 1185706.
2, 592853
What are the prime factors of 38192125?
5, 89, 3433
What are the prime factors of 5185504?
2, 131, 1237
What are the prime factors of 1142325?
3, 5, 5077
List the prime factors of 32316613.
7, 857, 5387
What are the prime factors of 7085605?
5, 59, 24019
List the prime factors of 100928.
2, 19, 83
What are the prime factors of 221010?
2, 3, 5, 53, 139
List the prime factors of 18550255.
5, 127, 131, 223
What are the prime factors of 362805?
3, 5, 19, 67
What are the prime factors of 75274?
2, 61, 617
What are the prime factors of 15672674?
2, 17, 109, 4229